{"id":100,"date":"2019-10-20T13:45:13","date_gmt":"2019-10-20T11:45:13","guid":{"rendered":"https:\/\/ingrid-hacker-klier.com\/web\/?page_id=100"},"modified":"2020-12-06T15:58:06","modified_gmt":"2020-12-06T14:58:06","slug":"sammelwerke","status":"publish","type":"page","link":"https:\/\/ingrid-hacker-klier.com\/web\/uebersetzungen\/kunstgeschichte-2\/sammelwerke\/","title":{"rendered":"Sammelwerke"},"content":{"rendered":"\n<h3>Sammelwerke<\/h3>\n\n\n\n<p>Kunst- und Ausstellungshalle der Bundesrepublik Deutschland, Bonn<\/p>\n\n\n\n<p>G\u00d6TTER UND HELDEN DER BRONZEZEIT.<br>Europa im Zeitalter des Odysseus<\/p>\n\n\n\n<ul><li>Abenteurer, Kunsthandwerker und Reisende (Jean-Pierre Mohen)<\/li><li>Die Feuchtbodensiedlungen (Pierre P\u00e9trequin)<\/li><li>Die G\u00f6tterwelt der Bronzezeit (Christiane \u00c9lu\u00e8re)<\/li><li>Die Felsheiligt\u00fcmer in Europa (Emmanuel Anati)<\/li><li>Elfenbeinskulpturen im \u00e4g\u00e4ischen Raum (Jean-Claude Poursat)<\/li><\/ul>\n\n\n\n<p>KUNST- UND AUSSTELLUNGSHALLE DER BUNDESREPUBLIK DEUTSCHLAND<br>BONN 1999<\/p>\n\n\n\n<hr class=\"wp-block-separator\"\/>\n\n\n\n<p>Jos\u00e9phine Le Foll<br>Blumenmalerei<\/p>\n\n\n\n<p>HIRMER-VERLAG M\u00dcNCHEN 1997<\/p>\n\n\n\n<hr class=\"wp-block-separator\"\/>\n\n\n\n<p>Meisterwerke \u2013 Malerei kennen und verstehen<br>41 B\u00e4nde<\/p>\n\n\n\n<p>FABBRI VERLAG HAMBURG 1990 bis 1992<\/p>\n\n\n\n<hr class=\"wp-block-separator\"\/>\n\n\n\n<p>Ornamenta 1 \u2013 Internationale Schmuckkunst<br>M. Erlhoff, F. Falk, J.-R. Lorenzen, W. Mattar und S. Strobel (Hrsg.)<\/p>\n\n\n\n<ul><li>Lebensspender Schmuck (Claude L\u00e9vi-Strauss)<\/li><\/ul>\n\n\n\n<p>PRESTEL-VERLAG M\u00dcNCHEN 1989<\/p>\n\n\n\n<hr class=\"wp-block-separator\"\/>\n\n\n\n<p>Lexikon Die Malerei<\/p>\n\n\n\n<ul><li>Bd. 11 und 12: Vom Impressionismus zum Symbolismus<br>Bd. 13: Vom Kubismus bis heute<\/li><\/ul>\n\n\n\n<p>GRAMMONT VERLAG LAUSANNE 1987<\/p>\n","protected":false},"excerpt":{"rendered":"<p>Sammelwerke Kunst- und Ausstellungshalle der Bundesrepublik Deutschland, Bonn G\u00d6TTER UND HELDEN DER BRONZEZEIT.Europa im Zeitalter des Odysseus Abenteurer, Kunsthandwerker und Reisende (Jean-Pierre Mohen) Die Feuchtbodensiedlungen (Pierre P\u00e9trequin) Die G\u00f6tterwelt der Bronzezeit (Christiane \u00c9lu\u00e8re) Die Felsheiligt\u00fcmer in Europa (Emmanuel Anati) Elfenbeinskulpturen im \u00e4g\u00e4ischen Raum (Jean-Claude Poursat) KUNST- UND AUSSTELLUNGSHALLE DER BUNDESREPUBLIK DEUTSCHLANDBONN 1999 Jos\u00e9phine Le FollBlumenmalerei [&hellip;]<\/p>\n","protected":false},"author":1,"featured_media":0,"parent":41,"menu_order":0,"comment_status":"closed","ping_status":"closed","template":"","meta":[],"_links":{"self":[{"href":"https:\/\/ingrid-hacker-klier.com\/web\/wp-json\/wp\/v2\/pages\/100"}],"collection":[{"href":"https:\/\/ingrid-hacker-klier.com\/web\/wp-json\/wp\/v2\/pages"}],"about":[{"href":"https:\/\/ingrid-hacker-klier.com\/web\/wp-json\/wp\/v2\/types\/page"}],"author":[{"embeddable":true,"href":"https:\/\/ingrid-hacker-klier.com\/web\/wp-json\/wp\/v2\/users\/1"}],"replies":[{"embeddable":true,"href":"https:\/\/ingrid-hacker-klier.com\/web\/wp-json\/wp\/v2\/comments?post=100"}],"version-history":[{"count":6,"href":"https:\/\/ingrid-hacker-klier.com\/web\/wp-json\/wp\/v2\/pages\/100\/revisions"}],"predecessor-version":[{"id":217,"href":"https:\/\/ingrid-hacker-klier.com\/web\/wp-json\/wp\/v2\/pages\/100\/revisions\/217"}],"up":[{"embeddable":true,"href":"https:\/\/ingrid-hacker-klier.com\/web\/wp-json\/wp\/v2\/pages\/41"}],"wp:attachment":[{"href":"https:\/\/ingrid-hacker-klier.com\/web\/wp-json\/wp\/v2\/media?parent=100"}],"curies":[{"name":"wp","href":"https:\/\/api.w.org\/{rel}","templated":true}]}}